s the hundreds digit of 4569586?
5
What is the ten thousands digit of 2128367?
2
What is the thousands digit of 1859955?
9
What is the tens digit of 13269?
6
What is the hundred thousands digit of 1253695?
2
What is the hundred thousands digit of 161353?
1
What is the tens digit of 12646539?
3
What is the tens digit of 16327251?
5
What is the ten thousands digit of 582145?
8
What is the units digit of 2048120?
0
What is the millions digit of 12979526?
2
What is the hundred thousands digit of 891831?
8
What is the ten thousands digit of 3338727?
3
What is the thousands digit of 214410?
4
What is the units digit of 4183948?
8
What is the tens digit of 445445?
4
What is the ten thousands digit of 56446?
5
What is the hundreds digit of 3450146?
1
What is the hundreds digit of 3223507?
5
What is the ten thousands digit of 17927341?
2
What is the tens digit of 87585?
8
What is the tens digit of 293137?
3
What is the units digit of 2356129?
9
What is the hundred thousands digit of 827561?
8
What is the units digit of 626854?
4
What is the units digit of 254452?
2
What is the hundred thousands digit of 148281?
1
What is the ten thousands digit of 1211894?
1
What is the ten thousands digit of 746035?
4
What is the units digit of 2003613?
3
What is the units digit of 7574403?
3
What is the tens digit of 5730320?
2
What is the tens digit of 2688822?
2
What is the thousands digit of 231029?
1
What is the units digit of 750226?
6
What is the ten thousands digit of 8706135?
0
What is the millions digit of 3101384?
3
What is the hundreds digit of 3588969?
9
What is the millions digit of 9272019?
9
What is the hundred thousands digit of 117226?
1
What is the hundred thousands digit of 515862?
5
What is the hundred thousands digit of 736562?
7
What is the thousands digit of 3926418?
6
What is the tens digit of 183887?
8
What is the units digit of 1926998?
8
What is the ten thousands digit of 547194?
4
What is the hundreds digit of 135720?
7
What is the ten thousands digit of 1007512?
0
What is the millions digit of 1319675?
1
What is the ten thousands digit of 240334?
4
What is the thousands digit of 11213567?
3
What is the thousands digit of 579472?
9
What is the ten thousands digit of 42655?
4
What is the hundred thousands digit of 179410?
1
What is the ten thousands digit of 282565?
8
What is the tens digit of 33317?
1
What is the millions digit of 39386756?
9
What is the hundreds digit of 220573?
5
What is the tens digit of 22645?
4
What is the tens digit of 2589629?
2
What is the thousands digit of 10819835?
9
What is the units digit of 1301250?
0
What is the ten thousands digit of 519150?
1
What is the ten thousands digit of 198798?
9
What is the hundreds digit of 429863?
8
What is the millions digit of 2899082?
2
What is the ten thousands digit of 4961014?
6
What is the hundred thousands digit of 1131376?
1
What is the thousands digit of 672063?
2
What is the units digit of 2412416?
6
What is the thousands digit of 2542733?
2
What is the ten thousands digit of 600048?
0
What is the thousands digit of 1309709?
9
What is the units digit of 345184?
4
What is the units digit of 1344320?
0
What is the ten millions digit of 10968224?
1
What is the hundred thousands digit of 22331219?
3
What is the hundred thousands digit of 811449?
8
What is the tens digit of 6529194?
9
What is the units digit of 10002505?
5
What is the hundred thousands digit of 113232?
1
What is the millions digit of 6778593?
6
What is the hundred thousands digit of 20087959?
0
What is the hundreds digit of 229427?
4
What is the thousands digit of 924384?
4
What is the units digit of 214597?
7
What is the units digit of 345109?
9
What is the hundred thousands digit of 1219569?
2
What is the ten millions digit of 18705664?
1
What is the tens digit of 131598?
9
What is the hundred thousands digit of 239537?
2
What is the thousands digit of 4667920?
7
What is the ten thousands digit of 3348759?
4
What is the ten thousands digit of 177254?
7
What is the thousands digit of 652131?
2
What is the units digit of 2054354?
4
What is the ten thousands digit of 8909300?
0
What is the hundred thousands digit of 351913?
3
What is the hundreds digit of 331838?
8
What is the thousands digit of 24522124?
2
What is the tens digit of 329582?
8
What is the tens digit of 119493?
9
What is the ten thousands digit of 164461?
6
What is the hundred thousands digit of 130691?
1
What is the hundreds digit of 1941104?
1
What is the ten thousands digit of 6093484?
9
What is the thousands digit of 306753?
6
What is the tens digit of 1340029?
2
What is the thousands digit of 126160?
6
What is the thousands digit of 488402?
8
What is the millions digit of 4249744?
4
What is the ten thousands digit of 16886755?
8
What is the hundreds digit of 2868788?
7
What is the hundred thousands digit of 969882?
9
What is the tens digit of 155997?
9
What is the ten thousands digit of 62234?
6
What is the units digit of 775393?
3
What is the millions digit of 6230612?
6
What is the thousands digit of 3668325?
8
What is the ten thousands digit of 812531?
1
What is the tens digit of 4725365?
6
What is the thousands digit of 27385138?
5
What is the units digit of 1551671?
1
What is the ten thousands digit of 317969?
1
What is the hundreds digit of 49021?
0
What is the tens digit of 396679?
7
What is the units digit of 62359?
9
What is the thousands digit of 16565009?
5
What is the thousands digit of 136755?
6
What is the hundreds digit of 195785?
7
What is the millions digit of 10905859?
0
What is the units digit of 237645?
5
What is the hundreds digit of 363598?
5
What is the hundred thousands digit of 218404?
2
What is the hundreds digit of 119533?
5
What is the units digit of 14379?
9
What is the tens digit of 8931715?
1
What is the ten millions digit of 36017892?
3
What is the tens digit of 474245?
4
What is the units digit of 377600?
0
What is the tens digit of 1146169?
6
What is the ten thousands digit of 281669?
8
What is the units digit of 5447823?
3
What is the ten thousands digit of 1123039?
2
What is the units digit of 6759926?
6
What is the millions digit of 1113156?
1
What is the ten thousands digit of 3673704?
7
What is the hundred thousands digit of 1778304?
7
What is the millions digit of 1385255?
1
What is the tens digit of 733363?
6
What is the ten thousands digit of 171987?
7
What is the ten thousands digit of 600728?
0
What is the hundred thousands digit of 1222049?
2
What is the thousands digit of 733567?
3
What is the tens digit of 14255274?
7
What is the ten thousands digit of 298714?
9
What is the thousands digit of 15529232?
9
What is the tens digit of 27782?
8
What is the units digit of 12439752?
2
What is the thousands digit of 136343?
6
What is the ten thousands digit of 609196?
0
What is the ten thousands digit of 248236?
4
What is the ten thousands digit of 81310?
8
What is the hundred thousands digit of 210598?
2
What is the ten millions digit of 26783973?
2
What is the millions digit of 18731887?
8
What is the units digit of 259661?
1
What is the tens digit of 521291?
9
What is the hundred thousands digit of 3649258?
6
What is the hundreds digit of 1335979?
9
What is the hundred thousands digit of 935317?
9
What is the hundred thousands digit of 100827?
1
What is the ten thousands digit of 440149?
4
What is the ten thousands digit of 356370?
5
What is the units digit of 906575?
5
What is the units digit of 3022215?
5
What is the units digit of 5114591?
1
What is the tens digit of 657625?
2
What is the hundred thousands digit of 339502?
3
What is the hundred thousands digit of 29765149?
7
What is the ten thousands digit of 9250580?
5
What is the hundred thousands digit of 970383?
9
What is the thousands digit of 517081?
7
What is the tens digit of 731956?
5
What is the thousands digit of 118372?
8
What is the units digit of 36124671?
1
What is the hundred thousands digit of 12979510?
9
What is the hundred thousands digit of 252161?
2
What is the millions digit of 1747603?
1
What is the tens digit of 15397578?
7
What is the ten thousands digit of 11927940?
2
What is the tens digit of 103555?
5
What is the ten thousands digit of 31502471?
0
What is the hundreds digit of 342265?
2
What is the tens digit of 